h = 391 + -199. Suppose -b = 3*b - h. What is the tens digit of b?
4
Let l = -71 - -53. What is the tens digit of (8/l*6)/((-2)/99)?
3
Let n = -1391 + 2070. What is the units digit of n?
9
Let n(g) = g**3 - 5*g**2 - 3*g + 8. Let t(z) = z + 4. Let v be t(2). What is the units digit of n(v)?
6
Let k be 6*(2 - (-9)/(-6)). Suppose 0 = -d - 5*s + 29, 14 = -k*d + 5*s + 1. Suppose -z + 4*h = -d*z + 16, -5*h - 18 = -z. What is the units digit of z?
8
Let b(r) = 7*r + 17. Let u(t) = -20*t - 50. Let o(s) = -11*b(s) - 4*u(s). What is the units digit of o(-4)?
1
Suppose 0 = 677*i - 675*i - 402. What is the tens digit of i?
0
Let f be (4 - 1)/(2/(-4)). Let b = -6 - f. Suppose m = -b*m + 2. What is the units digit of m?
2
Let u be -8 + 0 - -4 - -8. What is the units digit of (181 + u/4)/2?
1
Let u be 980/(-10) + 0*3/(-6). Let d = u - -324. What is the units digit of d?
6
Suppose -118 = 2*x - 3*x. Suppose -2*k + x = w, -2*k = -w - 161 + 51. Let j = k - 34. What is the units digit of j?
3
Let f(q) be the first derivative of q**5/12 - q**4/4 - q**3/3 - 4*q**2 - 6. Let j(v) be the second derivative of f(v). What is the units digit of j(3)?
5
Let c be -135 + 0/(4 - 3). Let i = c - -266. What is the hundreds digit of i?
1
Let k(j) = -j**2. Let z(r) = 3*r**2 + r - 1. Let x(g) = 5*k(g) + 2*z(g). Let a be (-4)/18 + 304/72. What is the units digit of x(a)?
2
Let k(l) = -25*l + 1815. What is the hundreds digit of k(0)?
8
Suppose -13 = 5*h + 2*v + 7, -h = -v + 11. Let p be ((-35)/3 + 4)*h. What is the tens digit of 326/6 - p/(-69)?
5
Let v(y) = y**3 + 24*y**2 - 21*y + 181. What is the units digit of v(-18)?
3
Let b be (-2)/(-5) - (-104)/(-10). Let f(w) be the third derivative of -w**6/120 - w**5/6 - w**4/24 - 7*w**3/6 + 24*w**2 + 1. What is the units digit of f(b)?
3
Suppose -4*a - 975 = -7*a. What is the hundreds digit of a?
3
Let t(s) be the second derivative of s**4/12 + 3*s**3 + 53*s**2/2 + 21*s. What is the units digit of t(-22)?
1
Suppose 0 = 12*r - 2530 - 14954. What is the thousands digit of r?
1
What is the thousands digit of 382850/65 + 2 + 4?
5
Suppose 3*g - 149 = -z + 771, -3*z - 320 = -g. What is the hundreds digit of g?
3
Let v(b) = 6*b**3 - 7*b**2 + 15*b - 19. What is the tens digit of v(5)?
3
Suppose 0 = 12*l - 14*l + 388. Suppose -l = -k - 13. What is the units digit of k?
1
What is the hundreds digit of 2*(-44)/(-2)*189/36?
2
Let r(a) = a**2 + 6*a - 6. Suppose -3*i + 3*u + 48 = 0, -4*i - 3*u + 72 = i. Suppose 5*p = 2*k + 8, i = -k + p - 4*p. What is the tens digit of r(k)?
2
Let y(i) = 7*i + 8 - 3 - 9*i - 3*i - i**2. Let r be y(-5). Suppose r*m + 2*u - 84 = 64, -m = u - 32. What is the tens digit of m?
2
Let w be ((-4)/(-5))/(-2) + (-9220)/(-50). Let k = 312 - w. What is the units digit of k?
8
What is the units digit of ((-33)/(-2))/(1/62)?
3
Let i = -205 + 517. What is the tens digit of i?
1
Let w = -5802 - -8991. What is the hundreds digit of w?
1
Suppose 5*h = 211 + 1424. What is the tens digit of h?
2
Let k(r) = -4*r**3 - r. Let a be k(-1). Suppose -a*b + 10*b = 200. Let y = b - 30. What is the units digit of y?
0
Let l be (24 + -21)/(6/218). Suppose w = l + 17. What is the tens digit of w?
2
Let b(q) = q**3 - 15*q**2 - 8*q + 7. Let r be b(16). Suppose 3*o - 84 = 2*u, -5*u - r = -3*o - 2*o. What is the tens digit of o?
3
Let t(y) = 3*y**3 + 2*y**2 + y - 2. Let n be t(1). What is the units digit of (4/(-16))/(n/(-144))?
9
Suppose 788 = 3*h + 4*m - 6*m, 1060 = 4*h + 2*m. What is the units digit of h?
4
Suppose 0 = 5*z, 0 = -d + 2*z - 3*z + 5. Suppose -6*k + 4*k + 252 = -5*g, d*k - 5*g - 600 = 0. What is the tens digit of k?
1
Let b(g) = -g. Let w be b(-8). What is the tens digit of (284/w)/(2/4)?
7
Suppose -4*y - 2618 = 2*h, -y + 1179 = 2*h + 3797. What is the tens digit of (-2)/(-11) - h/121?
1
Let t(a) = -a**3 - 1 + 9*a - 3*a**2 - 7*a + a - 4. What is the tens digit of t(-5)?
3
Let a = 11 - 10. Let q be 3/3*3 - a. Suppose -o + 44 = c, -o + q*o = -2*c + 91. What is the tens digit of c?
4
Let a(n) = n**2 - 6. Let q be a(7). Suppose -2*u + 0*u = -10. Suppose -u*s + 12 = -q. What is the units digit of s?
1
What is the tens digit of 783/(-435) - (-20188)/10?
1
What is the hundreds digit of (-13980)/(-36) + (-5)/((-30)/4)?
3
Suppose -2*d - 25 + 9 = 5*m, 0 = -5*d + m + 14. Suppose -3*y + 2*p - 13 = 0, d*y = -4*p + 1 + 1. What is the tens digit of 1 + y*46/(-6)?
2
Let n(q) be the first derivative of -8*q**2 - 7. What is the tens digit of n(-5)?
8
Suppose 2*h = -3*h + 240. Suppose -3*r = -0*k - k + 28, -4*k - h = 4*r. What is the units digit of (-4)/r - 424/(-40)?
1
Let t = 6206 - 2826. What is the hundreds digit of t?
3
Suppose 2*s - 5*y = 6 + 7, 5*y + 25 = 0. What is the units digit of (-18)/s + (-2 - -4)?
5
Suppose 0 = 3*p - a - 5, 4*p - a = 2*p + 5. Suppose -6*b + 297 + 303 = p. What is the hundreds digit of b?
1
Suppose -2*k - 9 = -g + 2, 2*g + 2 = -2*k. Let r = 0 - k. Suppose 34 = 2*u - r*y, -5*u + u + y + 33 = 0. What is the units digit of u?
7
What is the tens digit of 20/(-9) + 2 + (-9605)/(-9)?
6
Let x(l) = 3*l - 14. Suppose -j - 2*j + 2*a = -72, -3*j + 63 = -5*a. Suppose -3*m - 8 = -j. What is the units digit of x(m)?
4
Let u(b) = -b**3 - 11*b**2 - 2. Suppose j + 3*q = -12, -3*j + q = 5*q + 36. What is the hundreds digit of u(j)?
1
Suppose 0 = -5*i + 3*r + 3389, i + 2*r - 729 = -59. Suppose 36*n = 32*n + i. What is the units digit of n?
9
Let z(g) be the second derivative of 5*g**3/2 + 13*g**2/2 + 19*g. What is the tens digit of z(9)?
4
Let a(m) = -148*m - 89. What is the tens digit of a(-5)?
5
Let p(i) be the second derivative of i**5/20 - i**4/2 + i**3/6 + 5*i**2/2 - 6*i. What is the units digit of p(9)?
7
Suppose 12*b - v = 11*b + 303, 3*v + 1214 = 4*b. What is the hundreds digit of b?
3
Suppose 0*v + 3*v - 43 = -2*p, 0 = -2*v + p + 17. Suppose v*l = 6*l + 380. Let w = 159 - l. What is the tens digit of w?
8
Let k(m) = -2*m - 7. Let o be k(-8). Let l = o - -104. What is the units digit of l?
3
Let m be (-1 + 6)*(-6)/5. Let w be (m/(-8))/((-13)/15184). What is the units digit of w/(-22) - 10/(-55)?
0
Let x(c) = -14*c + 1. Let q be x(-1). Let m = q - -1. Suppose p - m = 13. What is the units digit of p?
9
Let b(c) = -c**3 - 6*c**2 - 2*c + 1. Let n be b(-6). Suppose 18 = 4*g - 2. Suppose -4*t - n = -g*t. What is the units digit of t?
3
Let h = 74 + -73. What is the units digit of (212/8)/(3/2 - h)?
3
Let n(c) = 71*c - 8. What is the hundreds digit of n(5)?
3
Suppose -5*n - 11 = -41. Suppose -q - 7 = -n. What is the units digit of (1/q)/(4/(-136))?
4
Suppose -3*p - 57 = 4*b - 0*b, b - 2*p + 17 = 0. What is the tens digit of (42/b)/(3/285*-2)?
3
Let d(x) = 33*x + 181. What is the tens digit of d(15)?
7
Let o(r) = r**3 - 3*r**2 - r. Let d be o(3). Let m be (-4)/(-12) - 5/d. Suppose 2*a - m*u - 22 = 0, -4*u = a + 3*a - 12. What is the units digit of a?
7
Let g(k) = 6*k. Let s be g(-1). What is the units digit of (74/s)/(2 - (-114)/(-54))?
1
Suppose 3*o = 5*b - 6901, -4*b + 5*o = -2505 - 3008. What is the hundreds digit of b?
3
Let v(c) = 86*c - 12. What is the tens digit of v(4)?
3
Let t = 26 - -146. What is the tens digit of t?
7
Let y(o) = 157*o**2 - 22*o + 69. What is the thousands digit of y(3)?
1
Let t be 151/3 - 6/(-9). Suppose -u - 3*a = -t, 0 = -4*u - u - 2*a + 216. What is the tens digit of u?
4
Let k = -23 + 26. Let p be 32/k*234/8. Suppose -6*i + p = -0. What is the tens digit of i?
5
Let j(c) = 0 - 1 + c**3 + 0*c**3 + 8*c**2 - 12*c + 0*c**3. What is the units digit of j(-9)?
6
Let w = -13 - -16. Suppose -4*q + w = -5, 0 = d - 4*q - 5. What is the tens digit of d?
1
Let s(w) = -w**2 - 10*w - 21. Let k be s(-9). Let f = k + -6. What is the tens digit of (f/15)/((-3)/90)?
3
Suppose -4*d + 12 = 0, u + d + 28 = 2*u. What is the units digit of (-8 + 10)*u/2?
1
Suppose -4*y - 8*y = 468. Let g = y - -43. What is the units digit of g?
4
What is the units digit of (-6)/(-57) - (64416/(-76))/4?
2
Suppose -6*g = -9*g - 27. Let r = 3 - 9. Let z = r - g. What is the units digit of z?
3
Suppose -l = 4*x - 4139, -5*l - x + 8595 = -12157. What is the units digit of l?
1
Let v(k) = -4*k - 2. Let j be v(-2). Suppose 90 = -0*h + j*h. What is the units digit of (0 - h)*42/(-9)?
0
What is the units digit of 17025/(-25)*2/(-3)?
4
Let u(t) = t**3 - 2*t**2